{"id":37,"date":"2013-03-17T22:51:40","date_gmt":"2013-03-17T20:51:40","guid":{"rendered":"http:\/\/zombieroom.de\/?page_id=37"},"modified":"2013-04-03T20:51:53","modified_gmt":"2013-04-03T18:51:53","slug":"dogma","status":"publish","type":"page","link":"https:\/\/zombieroom.de\/?page_id=37","title":{"rendered":"Dogma"},"content":{"rendered":"<p>F\u00fcr mich gelten 3 Dogmen:<\/p>\n<p><span style=\"font-size: large;\"><em>&#8222;Pers\u00f6nlichkeit ist das Wichtigste.&#8220;<\/em><br \/>\n<\/span>Die des Musikers, der Musik und des Produzenten. Danach richtet sich alles aus. Ich muss den Musiker verstehen und h\u00f6ren, was noch nicht h\u00f6rbar ist. <em>Zusammen f\u00fchren wir die Musik an ihre Grenzen und dar\u00fcber hinaus.<\/em><\/p>\n<p><span style=\"font-size: large;\"><em>&#8222;Die Regeln werden jedes Mal neu gemacht.&#8220;<\/em><br \/>\n<\/span>R\u00e4ume und Mittel richten sich danach aus, wo sich die Musiker am wohlsten f\u00fchlen, wo der beste Sound erreicht wird und wo das Budget am sinnvollsten investiert ist. Ob voll digital oder live eingespielt wird; ob Samples oder aufw\u00e4ndige Mikrofonierung genutzt werden,\u00a0<em>ist keine Frage der Ehre, sondern eine Frage des Songs.<\/em><\/p>\n<p><span style=\"font-size: large;\"><em>&#8222;Die Vision diktiert die Mittel.&#8220;<\/em><\/span><br \/>\nIm Zombie Room gibt es bereits eine Leitidee vom Endergebnis, bevor der erste Ton gespielt ist. Danach wird das Puzzle aus Sounds, Aufnahmebedingungen und Mixings zusammengesetzt. <em>Richtig ist, was am besten klingt und sich am besten anf\u00fchlt.<\/em><\/p>\n","protected":false},"excerpt":{"rendered":"<p>F\u00fcr mich gelten 3 Dogmen: &#8222;Pers\u00f6nlichkeit ist das Wichtigste.&#8220; Die des Musikers, der Musik und des Produzenten. Danach richtet sich alles aus. Ich muss den Musiker verstehen und h\u00f6ren, was noch nicht h\u00f6rbar ist. Zusammen f\u00fchren wir die Musik an &hellip; <a href=\"https:\/\/zombieroom.de\/?page_id=37\">Weiterlesen <span class=\"meta-nav\">&rarr;<\/span><\/a><\/p>\n","protected":false},"author":2,"featured_media":0,"parent":0,"menu_order":0,"comment_status":"closed","ping_status":"closed","template":"","meta":{"footnotes":""},"class_list":["post-37","page","type-page","status-publish","hentry"],"_links":{"self":[{"href":"https:\/\/zombieroom.de\/index.php?rest_route=\/wp\/v2\/pages\/37","targetHints":{"allow":["GET"]}}],"collection":[{"href":"https:\/\/zombieroom.de\/index.php?rest_route=\/wp\/v2\/pages"}],"about":[{"href":"https:\/\/zombieroom.de\/index.php?rest_route=\/wp\/v2\/types\/page"}],"author":[{"embeddable":true,"href":"https:\/\/zombieroom.de\/index.php?rest_route=\/wp\/v2\/users\/2"}],"replies":[{"embeddable":true,"href":"https:\/\/zombieroom.de\/index.php?rest_route=%2Fwp%2Fv2%2Fcomments&post=37"}],"version-history":[{"count":13,"href":"https:\/\/zombieroom.de\/index.php?rest_route=\/wp\/v2\/pages\/37\/revisions"}],"predecessor-version":[{"id":135,"href":"https:\/\/zombieroom.de\/index.php?rest_route=\/wp\/v2\/pages\/37\/revisions\/135"}],"wp:attachment":[{"href":"https:\/\/zombieroom.de\/index.php?rest_route=%2Fwp%2Fv2%2Fmedia&parent=37"}],"curies":[{"name":"wp","href":"https:\/\/api.w.org\/{rel}","templated":true}]}}